isor of 62 and 302337947.
31
Calculate the greatest common divisor of 25729 and 16412763.
2339
Calculate the highest common divisor of 159705 and 523705.
455
What is the greatest common factor of 388650 and 157800?
150
What is the greatest common factor of 83280 and 32971940?
6940
What is the highest common divisor of 1993420 and 2090?
110
What is the greatest common factor of 13038 and 324201?
159
What is the greatest common factor of 4218 and 2959482?
222
Calculate the highest common factor of 1885 and 3688425.
65
What is the greatest common factor of 12337514 and 55811?
3283
Calculate the greatest common divisor of 2155179 and 377.
13
What is the greatest common factor of 9810480 and 492?
492
Calculate the greatest common divisor of 2 and 4558958.
2
Calculate the highest common factor of 569 and 345240181.
569
What is the greatest common factor of 30587 and 221409?
73
Calculate the greatest common factor of 22 and 19347218.
22
What is the highest common factor of 322117185 and 8970?
4485
Calculate the highest common factor of 26 and 23035886.
2
Calculate the highest common factor of 3723133 and 37022.
173
Calculate the greatest common factor of 17519097 and 6943.
53
What is the greatest common factor of 63983 and 545?
109
Calculate the greatest common divisor of 136715580 and 216.
108
What is the highest common divisor of 172682 and 2?
2
Calculate the highest common factor of 6 and 277478.
2
Calculate the highest common factor of 1748638 and 10449.
43
Calculate the highest common factor of 22970 and 8810.
10
Calculate the greatest common divisor of 222613 and 223.
1
Calculate the greatest common divisor of 2156000 and 1520.
80
What is the highest common divisor of 86 and 493347815?
43
What is the highest common factor of 47334 and 183792?
42
What is the highest common factor of 4455 and 11140470?
1485
What is the greatest common divisor of 6803944 and 34?
34
Calculate the highest common factor of 3054033686 and 1342.
1342
Calculate the highest common factor of 1385909730 and 270.
270
What is the highest common divisor of 1074194 and 162338?
3454
What is the greatest common divisor of 690 and 4049886?
138
Calculate the highest common factor of 983324 and 4988.
172
What is the greatest common divisor of 1377627 and 6?
3
Calculate the greatest common factor of 1048 and 15458.
262
What is the highest common divisor of 1774309 and 559?
43
What is the highest common divisor of 3 and 57443730?
3
What is the highest common factor of 116396 and 8876?
28
Calculate the greatest common divisor of 1068923 and 417241.
457
Calculate the greatest common factor of 6364 and 420690.
74
Calculate the highest common divisor of 384573 and 5649.
21
Calculate the greatest common divisor of 295393 and 13699.
133
What is the greatest common factor of 300542 and 5739140?
418
What is the highest common divisor of 3544047 and 169?
13
Calculate the greatest common divisor of 1968 and 78852.
12
What is the highest common factor of 41656 and 691096?
328
Calculate the greatest common factor of 836 and 194545142.
418
Calculate the highest common divisor of 251382486 and 1662.
1662
Calculate the highest common divisor of 176 and 3642513776.
176
Calculate the greatest common divisor of 1599581 and 1469769.
391
Calculate the highest common factor of 116040969 and 11691.
3897
What is the highest common factor of 172778640 and 624?
48
Calculate the highest common factor of 87950432 and 55360.
5536
What is the highest common factor of 3160 and 22030?
10
Calculate the greatest common divisor of 17257265 and 5.
5
Calculate the highest common divisor of 56150 and 13550.
50
Calculate the greatest common divisor of 188561928 and 514.
514
Calculate the greatest common factor of 2169351 and 480807.
369
What is the greatest common divisor of 1031745 and 1102970?
2035
Calculate the greatest common divisor of 377 and 294379.
29
Calculate the greatest common factor of 1132100 and 140900.
100
What is the greatest common divisor of 286 and 85074418?
286
What is the greatest common divisor of 9575 and 155525?
25
Calculate the greatest common divisor of 27150 and 3044850.
150
Calculate the greatest common divisor of 70057 and 95693.
221
What is the highest common factor of 350891814 and 57210?
11442
Calculate the greatest common divisor of 2207400 and 1230.
30
Calculate the greatest common factor of 656 and 766000.
16
What is the highest common factor of 21060138 and 165?
33
What is the greatest common factor of 57275 and 7230475?
1975
What is the greatest common divisor of 9724 and 59500?
68
Calculate the highest common divisor of 1691 and 1276211.
19
What is the greatest common divisor of 33288 and 638750949?
4161
What is the greatest common divisor of 667 and 27713183?
667
Calculate the greatest common factor of 3438279 and 5499.
117
Calculate the greatest common factor of 2240 and 26533040.
80
What is the highest common divisor of 120588671 and 7?
7
Calculate the highest common divisor of 6042068 and 4316.
332
Calculate the highest common factor of 96 and 1077584.
16
Calculate the highest common factor of 3586 and 33550.
22
Calculate the highest common factor of 70416 and 32910678.
8802
Calculate the greatest common factor of 787284 and 120726.
342
Calculate the greatest common factor of 43708 and 143178.
98
What is the highest common factor of 599372 and 80272?
116
What is the greatest common factor of 15730 and 775610?
1210
Calculate the greatest common factor of 703 and 999629.
37
Calculate the greatest common divisor of 70521 and 95535.
33
Calculate the greatest common factor of 238950 and 1786815.
2655
What is the highest common factor of 10460 and 646060?
20
Calculate the greatest common divisor of 5967 and 36801.
27
Calculate the highest common divisor of 2180 and 31777424.
436
Calculate the greatest common factor of 9570 and 166980.
330
What is the greatest common divisor of 50196 and 858784?
188
Calculate the greatest common factor of 70 and 737422.
14
Calculate the greatest common factor of 500639 and 1134463.
683
Calculate the greatest common divisor of 1599248218 and 59.
59
What is the highest common divisor of 152014909 and 20751?
6917
Calculate the highest common divisor of 112871410 and 10110.
3370
Calculate the highest common divisor of 4343690 and 3510.
130
Calculate the highest common factor of 70 and 7517965.
35
What is the highest common divisor of 107114 and 227948?
98
What is the highest common factor of 1242595 and 11565?
1285
Calculate the highest common factor of 1221 and 106947390.
1221
Calculate the highest common divisor of 439110 and 7288155.
5355
What is the greatest common factor of 67322 and 653868?
82
Calculate the highest common divisor of 6275 and 120787475.
6275
Calculate the greatest common divisor of 31212 and 45118.
34
Calculate the greatest common factor of 421863 and 41403.
1119
Calculate the greatest common factor of 65 and 12102961.
13
Calculate the highest common divisor of 398117081 and 932.
233
Calculate the highest common divisor of 2556 and 103123524.
852
What is the greatest common divisor of 18265 and 136556446?
3653
What is the greatest common factor of 11873472 and 994?
142
Calculate the greatest common factor of 34757145 and 225.
45
What is the greatest common divisor of 3721 and 658129?
61
What is the highest common divisor of 104 and 47766394?
26
Calculate the highest common factor of 1 and 7488089.
1
What is the greatest common divisor of 991033 and 252474?
1451
What is the greatest common factor of 6984686 and 828?
46
What is the greatest common factor of 1028127464 and 91?
91
What is the greatest common divisor of 26531 and 7890629?
43
Calculate the highest common divisor of 131111814 and 732.
366
What is the greatest common factor of 57222 and 2420154?
3366
What is the greatest common divisor of 749721 and 22173?
57
Calculate the highest common factor of 785 and 32258162.
157
What is the highest common divisor of 34047 and 32859?
27
What is the greatest common factor of 187 and 2736679?
11
Calculate the greatest common divisor of 365838 and 3312.
138
What is the greatest common factor of 894413005 and 8895?
2965
Calculate the highest common divisor of 2461 and 69963769.
2461
What is the highest common divisor of 340 and 4025005